5590 + 910. Calculate the greatest common divisor of x and i.
13
Let h = -18 - 13. Let d = 41 + h. Let x be ((-5)/3)/((-2)/36). Calculate the highest common factor of x and d.
10
Suppose 56 = 18*f - 4*f. Suppose -f*v + 30 = -30. What is the highest common factor of 9 and v?
3
Suppose -3*o + 6 = 5*d - 23, -d + 2*o = 2. Suppose m - d = 6. Calculate the greatest common divisor of 50 and m.
10
Suppose -18*t + 72 = -0*t. Suppose -4*i + 9 = 1. What is the greatest common factor of i and t?
2
Let y = 299 - 287. Let g be 15/(-2*(-2)/8). What is the greatest common factor of g and y?
6
Let r be 176/10*1 + 74/185. Suppose r*f - 528 = 12*f. Calculate the greatest common factor of 8 and f.
8
Suppose -12 + 67 = 11*a. Let p(x) = -x**2 + x + 25. Let m be p(a). Calculate the highest common factor of m and 25.
5
Suppose -5*d + 22 = -3*d - 4*n, 3*d - 4*n = 37. Calculate the highest common divisor of d and 60.
15
Let l(d) be the second derivative of -d**4/12 - 11*d**3/6 - 7*d**2 - 10*d. Let b be l(-8). What is the highest common divisor of b and 80?
10
Suppose -669 = -14*p - 109. Calculate the greatest common factor of p and 440.
40
Let y(g) = g**2 - 4*g - 11. Let v be y(6). Suppose -3*r - v = -4*r. Let c(n) = 11*n - 2. Let a be c(r). What is the greatest common divisor of 9 and a?
9
Let w = -66 + 68. Suppose t + 2*x - 24 = 0, 4*t - 3*x = w*x + 96. Calculate the greatest common factor of 32 and t.
8
Suppose 5*q - 43 = 17. What is the highest common divisor of 44 and q?
4
Let c(u) = u**3 + u + 50. Let t be c(0). Let s = 266 - t. What is the greatest common factor of s and 24?
24
Let n be (-21086)/(-195) - 14/105. Calculate the highest common divisor of 792 and n.
36
Let g(y) = -2*y + 10. Let q(p) = 2*p - 11. Let t(z) = 5*g(z) + 4*q(z). Let v be t(-15). Suppose -n = 3*n - v. Calculate the greatest common divisor of 81 and n.
9
Suppose -8*h + 3*b = -5*h - 21, 2*h = 3*b + 14. Suppose 35 = -w + 6*w. What is the greatest common divisor of h and w?
7
Suppose h + 1 = 55. Suppose -s - 4*z = z - 72, 2*s - 4*z - 144 = 0. What is the greatest common divisor of s and h?
18
Let a = 150 + -137. Let u(c) = -c**2 + c + 4. Let b be u(0). Let q(o) = 14*o - 4. Let m be q(b). What is the greatest common factor of m and a?
13
Let q = -138 - -255. Suppose 3*k - 2 = 4*k. Let w = 11 - k. Calculate the greatest common divisor of q and w.
13
Suppose -4*y + 3*z + 28 = 7*z, -5*z = -4*y + 37. Suppose y + 1 = 3*i. Suppose i*c = 2*c + 64. What is the greatest common divisor of c and 8?
8
Let m(c) = 5*c**3 + 3*c - 3. Let q be m(2). Let k = q + -18. Let w(z) = z + 2. Let j be w(3). Calculate the highest common factor of j and k.
5
Suppose 0 = -q - 2*q + 4*t + 153, -2*t = q - 51. What is the greatest common divisor of q and 51?
51
Let t be -5*2/(-35)*7. Suppose 8 = -s + t*s. Suppose 3*n + 105 = s*n. Calculate the highest common factor of 14 and n.
7
Let g = -3773 + 3791. Suppose -2*l = -4*l + 6, -3*m - 5*l + 69 = 0. What is the greatest common factor of g and m?
18
Let r = -1 - -6. Suppose -55 = -r*t + 3*y + 30, -3*y - 5 = -t. Suppose -12 - 3 = -3*a. What is the highest common divisor of a and t?
5
Let j be 0 - (0 + 0 - 0). Let f = 11 - j. Suppose -f*y = -12*y + 165. What is the greatest common divisor of 33 and y?
33
Let y(p) = 22*p**2 + p**2 - 2 - 5 + p + 6. Let c be y(1). Let m = c + -13. Calculate the highest common factor of 15 and m.
5
Suppose 0 = 16*u - 86 + 6. Calculate the greatest common divisor of 80 and u.
5
Let i(h) = -h - 5. Let b be i(-6). Let m be b*-32*(-1 + 0). Suppose s = -2*s + 24. Calculate the greatest common factor of m and s.
8
Let m = -1 + 4. Suppose 0 = -2*c - 2*u + 8, -20 = -m*c - 2*u + u. What is the highest common divisor of 136 and c?
8
Suppose a - 4*a + 6 = 0. Suppose 0 = -2*x - 5*z + 120, -a = -0*z + z. Calculate the greatest common factor of x and 13.
13
Let l = 599 - 475. Calculate the greatest common divisor of 62 and l.
62
Let i = -371 + 231. Let a be ((-15)/(-7) + -1)/((-40)/i). Calculate the highest common divisor of 1 and a.
1
Let s be 2/2 - 2 - -2. Let n = -1 + s. Suppose n*h - 75 = -5*h. Calculate the greatest common factor of h and 15.
15
Suppose -4*d - 4*j - 88 = -6*d, 5*d + 4*j - 164 = 0. Calculate the greatest common divisor of 45 and d.
9
Let f(x) = 2*x**3. Let b be f(1). Suppose b*m = -2*m + 16. Suppose 5*v - 3*s + 0*s = 93, 0 = -v - m*s + 14. What is the highest common factor of v and 162?
18
Let f be (-20)/6*(-2 + -1). Let h(a) = -a**3 + 3*a**2 - 8*a + 14. Let g be h(5). Let k = -36 - g. What is the highest common factor of k and f?
10
Suppose 2*l - 35 = -5*g, -12 - 9 = -3*g - l. Suppose g*x = 3*x + 44. Calculate the greatest common factor of x and 55.
11
Let z = -301 - -537. What is the highest common factor of 590 and z?
118
Let v be 38*8 - (-8 + 6). Let j be v*(48/9 + -4). Suppose 5*d - i = 2*i + j, 352 = 4*d + 4*i. What is the highest common divisor of d and 12?
12
Let j(m) = -3*m - 7. Let z be j(-3). Suppose 4*h - z*t = 40, -5*h - 2*t - 3*t = -35. Let q = h - -2. Calculate the highest common divisor of 121 and q.
11
Let j be (-1046)/(-14) - (-14)/49. What is the greatest common divisor of 50 and j?
25
Let h = 27 - -73. Let f(i) = i**3 - 8*i**2 - 16*i - 20. Let q be f(10). What is the greatest common divisor of q and h?
20
Let j(a) = 375*a**2 - 186*a**2 + a**3 + 5*a + 10 - 184*a**2. Let u be j(-4). What is the highest common divisor of u and 24?
6
Let j = 37 - -32. Let c = -39 + j. Let l(g) = 7*g - 20. Let f be l(5). What is the greatest common factor of c and f?
15
Let m be (-7 + 13)/1 - -555. Calculate the greatest common divisor of m and 99.
33
Suppose 6*d = d + 95. Let p = d + -4. Let q be 215/p + (-1)/3. Calculate the greatest common divisor of q and 126.
14
Suppose -2*x - 2*a + 8 = 0, -5*x + 10 = 2*a - 10. Let q = x - -70. What is the highest common factor of q and 37?
37
Let k(r) = -5*r - 1 - 6 + 4*r - 6. Let n be k(-11). Let o be (23 + -1)*(-1)/n. What is the highest common factor of 110 and o?
11
Suppose 5*g = -4*o + 168, g = -87*o + 86*o + 33. Suppose -5*k = -1 - 4. Let y = k - -3. Calculate the highest common factor of y and g.
4
Suppose -2*f - 8 = 10. Let m = f + 41. Suppose 32 = g + 4*v, 24 + 36 = 5*g - 5*v. What is the greatest common factor of m and g?
16
Suppose -46*i = -9542 - 9502. Calculate the greatest common divisor of 92 and i.
46
Suppose 14 = 2*i + 6. Suppose -i*o + o + 17 = -w, 3*w = -o - 1. Let s be (1/2)/(w/(-88)). Calculate the greatest common factor of s and 33.
11
Suppose -35 = -5*r - 3*m, -1 = -4*r - m + 4*m. Suppose 55 - 11 = 2*y + 5*z, 0 = 5*y + r*z - 93. Calculate the highest common divisor of 17 and y.
17
Suppose -3*m - 5*i = -1051, -3*i - 355 = -11*m + 10*m. Calculate the highest common divisor of m and 33.
11
Suppose 4*b = 9 + 135. Let q be (-3 - (-54)/2)*1. Calculate the greatest common divisor of b and q.
12
Let g = 749 + -736. Suppose 0 = -4*h + 34 + 18. Calculate the greatest common factor of h and g.
13
Let k be -1*5/20 - 219/(-12). Let h = -6 + 6. Suppose -16 = 4*g, h*l - l = g - 194. Calculate the greatest common factor of l and k.
18
Let h(j) = -4*j + 4. Let p be h(-4). Let o be 4/(-38) + (-501864)/(-2508). Calculate the greatest common factor of o and p.
20
Let x(n) = n**2 + 2*n - 1. Let v be x(1). Suppose -2*j - 12 = -0*u - 2*u, 2*j + 2*u = -28. Let p be 3 + j/v + 12. What is the highest common factor of p and 70?
10
Suppose 3*i - 5*i - 16 = 0. Let u be i/(-5) + (-26)/(-65). Suppose s - 3 + 2 = 0. What is the greatest common factor of s and u?
1
Suppose 0 = 5*j + 152 + 1128. Let q be (j/(-20))/((-2)/(-5)). What is the highest common factor of q and 8?
8
Suppose 5*g - 3*i + 2*i - 837 = 0, -9 = -3*i. Suppose q = 3*q - g. Calculate the greatest common divisor of q and 56.
28
Let b be (-3 + (-53)/(-3))/(2/6). What is the greatest common divisor of 22 and b?
22
Let s = 17 + -11. Suppose -d + 46 = 16. What is the greatest common factor of s and d?
6
Let f be ((-1)/(3/(-9)))/(15/10). Suppose -62 = f*i - 3*i. Calculate the greatest common divisor of 31 and i.
31
Let a(t) = t**2 + 33. Let l be a(0). Let k = -221 - -232. Calculate the highest common factor of l and k.
11
Suppose 0 = 24*b - 25*b - 13. Let m be (b + -15)*(-19)/4. What is the highest common factor of 19 and m?
19
Let z = 51 + -73. Let u = -